1966900?
1
What is the tens digit of 238350?
5
What is the millions digit of 9399653?
9
What is the tens digit of 297272?
7
What is the units digit of 458540?
0
What is the ten thousands digit of 9861628?
6
What is the tens digit of 1222549?
4
What is the ten millions digit of 10056332?
1
What is the thousands digit of 61160?
1
What is the tens digit of 911524?
2
What is the tens digit of 8619732?
3
What is the hundreds digit of 898035?
0
What is the hundreds digit of 30479650?
6
What is the millions digit of 10116265?
0
What is the tens digit of 82287?
8
What is the thousands digit of 493574?
3
What is the ten thousands digit of 20980211?
8
What is the tens digit of 226625?
2
What is the hundred thousands digit of 3228525?
2
What is the tens digit of 5172211?
1
What is the hundred thousands digit of 469499?
4
What is the millions digit of 7629152?
7
What is the hundreds digit of 298994?
9
What is the thousands digit of 8732?
8
What is the units digit of 64926?
6
What is the tens digit of 611335?
3
What is the tens digit of 2379869?
6
What is the ten thousands digit of 38530961?
3
What is the tens digit of 25448105?
0
What is the hundreds digit of 4535794?
7
What is the hundred thousands digit of 8832961?
8
What is the hundred thousands digit of 1605248?
6
What is the millions digit of 7733613?
7
What is the ten thousands digit of 630896?
3
What is the ten thousands digit of 5471948?
7
What is the hundred thousands digit of 622938?
6
What is the units digit of 252230?
0
What is the units digit of 3412609?
9
What is the hundreds digit of 3580534?
5
What is the tens digit of 1588424?
2
What is the tens digit of 11950696?
9
What is the hundreds digit of 583958?
9
What is the units digit of 200705?
5
What is the thousands digit of 436750?
6
What is the ten millions digit of 21143987?
2
What is the thousands digit of 2828455?
8
What is the hundreds digit of 53310?
3
What is the units digit of 565320?
0
What is the hundreds digit of 2295113?
1
What is the units digit of 408600?
0
What is the hundred thousands digit of 8192256?
1
What is the hundreds digit of 1484802?
8
What is the tens digit of 430226?
2
What is the hundreds digit of 1837888?
8
What is the units digit of 5480079?
9
What is the thousands digit of 532426?
2
What is the hundreds digit of 1117645?
6
What is the thousands digit of 220966?
0
What is the hundred thousands digit of 996399?
9
What is the hundreds digit of 502860?
8
What is the millions digit of 3896516?
3
What is the tens digit of 323102?
0
What is the millions digit of 11103114?
1
What is the tens digit of 150088?
8
What is the units digit of 6367877?
7
What is the hundreds digit of 10484072?
0
What is the hundreds digit of 101903?
9
What is the thousands digit of 2288161?
8
What is the millions digit of 9726622?
9
What is the tens digit of 3553496?
9
What is the ten millions digit of 20772305?
2
What is the hundred thousands digit of 1130367?
1
What is the hundreds digit of 576399?
3
What is the hundreds digit of 827346?
3
What is the tens digit of 232305?
0
What is the units digit of 1404897?
7
What is the thousands digit of 267213?
7
What is the units digit of 313902?
2
What is the units digit of 265814?
4
What is the hundreds digit of 2729476?
4
What is the tens digit of 965924?
2
What is the ten thousands digit of 750849?
5
What is the ten thousands digit of 170846?
7
What is the ten thousands digit of 17540?
1
What is the millions digit of 1109465?
1
What is the units digit of 12942997?
7
What is the ten thousands digit of 21320?
2
What is the tens digit of 4717069?
6
What is the hundred thousands digit of 2266356?
2
What is the tens digit of 852568?
6
What is the ten thousands digit of 10475362?
7
What is the tens digit of 1502845?
4
What is the units digit of 5287591?
1
What is the ten thousands digit of 163531?
6
What is the hundreds digit of 59253?
2
What is the ten thousands digit of 15261669?
6
What is the ten thousands digit of 240912?
4
What is the thousands digit of 421837?
1
What is the ten thousands digit of 628476?
2
What is the hundred thousands digit of 3036671?
0
What is the thousands digit of 414604?
4
What is the tens digit of 914869?
6
What is the hundreds digit of 6228947?
9
What is the thousands digit of 1505626?
5
What is the units digit of 617392?
2
What is the tens digit of 1524987?
8
What is the units digit of 292156?
6
What is the ten millions digit of 13488657?
1
What is the hundred thousands digit of 254707?
2
What is the ten thousands digit of 504518?
0
What is the tens digit of 820789?
8
What is the hundreds digit of 167307?
3
What is the tens digit of 804520?
2
What is the tens digit of 517476?
7
What is the thousands digit of 251509?
1
What is the millions digit of 6290174?
6
What is the units digit of 112300?
0
What is the units digit of 15458884?
4
What is the hundreds digit of 52599?
5
What is the units digit of 2956386?
6
What is the units digit of 436650?
0
What is the tens digit of 23364?
6
What is the units digit of 281269?
9
What is the millions digit of 1726406?
1
What is the hundreds digit of 3513480?
4
What is the ten thousands digit of 559218?
5
What is the units digit of 76161?
1
What is the hundreds digit of 282447?
4
What is the tens digit of 122351?
5
What is the tens digit of 7911299?
9
What is the hundreds digit of 308262?
2
What is the hundreds digit of 18817034?
0
What is the hundreds digit of 183697?
6
What is the tens digit of 51928?
2
What is the hundreds digit of 837957?
9
What is the millions digit of 27252275?
7
What is the units digit of 1753848?
8
What is the tens digit of 1065057?
5
What is the units digit of 3917827?
7
What is the thousands digit of 305580?
5
What is the hundred thousands digit of 2652865?
6
What is the units digit of 1022659?
9
What is the hundred thousands digit of 512885?
5
What is the units digit of 2654268?
8
What is the hundreds digit of 5447883?
8
What is the hundred thousands digit of 375978?
3
What is the units digit of 2228016?
6
What is the hundred thousands digit of 2791245?
7
What is the ten thousands digit of 265110?
6
What is the millions digit of 24281415?
4
What is the thousands digit of 106121?
6
What is the hundreds digit of 418096?
0
What is the hundred thousands digit of 1018681?
0
What is the thousands digit of 623664?
3
What is the thousands digit of 1184557?
4
What is the hundreds digit of 2509569?
5
What is the hundred thousands digit of 550575?
5
What is the hundreds digit of 115983?
9
What is the units digit of 547070?
0
What is the ten thousands digit of 45783?
4
What is the hundred thousands digit of 1625933?
6
What is the tens digit of 2376537?
3
What is the thousands digit of 738824?
8
What is the ten thousands digit of 1450092?
5
What is the units digit of 7229?
9
What is the tens digit of 15135153?
5
What is the ten thousands digit of 724025?
2
What is the hundred thousands digit of 620020?
6
What is the thousands digit of 1106496?
6
What is the hundred thousands digit of 226410?
2
What is the millions digit of 1790839?
1
What is the hundred thousands digit of 1657621?
6
What is the hundred thousands digit of 1673494?
6
What is the units digit of 3051949?
9
What is the tens digit of 1757122?
2
What is the millions digit of 8731136?
8
What is the thousands digit of 23344896?
4
What is the units digit of 47414?
4
What is the hundred thousands digit of 760564?
7
What is the ten thousands digit of 118284?
1
What is the tens digit of 5886281?
8
What is the ten thousands digit of 533039?
3
What is the thousands digit of 24460?
4
What is the hundred thousands digit of 106966?
1
What is the units digit of 69955?
5
What is the millions digit of 2252041?
2
What is the hundreds digit of 1541288?
2
What is the ten thousands digit of 487186?
8
What is the hundreds digit of 186482?
4
What is the ten thousands digit of 944899?
4
What is the ten millions digit of 42030849?
4
What is the units digit of 405829?
9
What is the tens digit of 63648?
4
What is the thousands digit of 603602?
3
What is the units digit of 47835?
5
What is the tens digit of 1365219?
1
What is the hundreds digit of 7798123?
1
What is the hundreds digit of 4542465?
4
What is the units digit of 5166402?
2
What is the ten thousands digit of 37545?
3
W